{"id":361,"date":"2021-06-17T11:01:58","date_gmt":"2021-06-17T11:01:58","guid":{"rendered":"https:\/\/www.mil-fotball.no\/sportsplan\/?page_id=361"},"modified":"2021-06-17T11:52:32","modified_gmt":"2021-06-17T11:52:32","slug":"dommerutvikling","status":"publish","type":"page","link":"https:\/\/www.mil-fotball.no\/sportsplan\/dommerutvikling\/","title":{"rendered":"Dommerutvikling"},"content":{"rendered":"\t\t<div data-elementor-type=\"wp-page\" data-elementor-id=\"361\" class=\"elementor elementor-361\">\n\t\t\t\t\t\t<section class=\"penci-section penci-disSticky penci-structure-10 elementor-section elementor-top-section elementor-element elementor-element-605c824 elementor-section-boxed elementor-section-height-default elementor-section-height-default\" data-id=\"605c824\" data-element_type=\"section\" data-e-type=\"section\">\n\t\t\t\t\t\t<div class=\"elementor-container elementor-column-gap-default\">\n\t\t\t\t\t<div class=\"penci-ercol-100 penci-ercol-order-1 penci-sticky-ct  elementor-column elementor-col-100 elementor-top-column elementor-element elementor-element-33c6551\" data-id=\"33c6551\" data-element_type=\"column\" data-e-type=\"column\">\n\t\t\t<div class=\"elementor-widget-wrap elementor-element-populated\">\n\t\t\t\t\t\t<div class=\"elementor-element elementor-element-b71cf76 elementor-widget elementor-widget-text-editor\" data-id=\"b71cf76\" data-element_type=\"widget\" data-e-type=\"widget\" data-widget_type=\"text-editor.default\">\n\t\t\t\t<div class=\"elementor-widget-container\">\n\t\t\t\t\t\t\t\t\t<p><strong>6.0 DOMMERUTVIKLING<\/strong><\/p>\t\t\t\t\t\t\t\t<\/div>\n\t\t\t\t<\/div>\n\t\t\t\t<div class=\"elementor-element elementor-element-312f8ac elementor-widget elementor-widget-text-editor\" data-id=\"312f8ac\" data-element_type=\"widget\" data-e-type=\"widget\" data-widget_type=\"text-editor.default\">\n\t\t\t\t<div class=\"elementor-widget-container\">\n\t\t\t\t\t\t\t\t\t<p>MIL Fotball har tradisjonelt v\u00e6rt en god dommerklubb. Det er likevel et stort behov for dommere, og vi som klubb har et ansvar for \u00e5 rekruttere dem og skape et godt dommermilj\u00f8. Kretsens oppgave er \u00e5 gi dem utdanning gjennom kurs.<\/p><p>MIL Fotball \u00f8nsker \u00e5 satse p\u00e5 dommere p\u00e5 like linje med spillere, ved \u00e5 rekruttere flest mulig og samtidig s\u00f8rge for at man beholder dem s\u00e5 lenge som overhodet mulig. Dersom noen dommere har ambisjoner, skal man ogs\u00e5 gi utviklingsmuligheter.<\/p><p>MIL Fotball har en egen dommeransvarlig. Oppgaven til dommeransvarlig er \u00e5 f\u00f8lge opp og legge til rette for alle dommere i klubben. Se egen rollebeskrivelse i v\u00e5r klubbh\u00e5ndbok.<\/p><p><strong>Det er mange fordeler med \u00e5 etablere et stort og godt dommermilj\u00f8 i klubben:<\/strong><\/p><ul><li>Femmer- og 7\u2019er kamper d\u00f8mmes av skolerte dommere<\/li><li>Dommerne vil skolere lagene ang\u00e5ende regler<\/li><li>Oppgaven med \u00e5 skaffe dommere til kampene blir lettere<\/li><li>Lagledere og trenere trenger ikke d\u00f8mme, og kan konsentrere seg om \u00e5 lede laget sitt<\/li><li>Turneringer som klubben arrangerer d\u00f8mmes av skolerte dommere<\/li><\/ul><p>Med visse aldersbegrensninger kan alle som \u00f8nsker starte som rekrutteringsdommer. Per 2021 m\u00e5 man v\u00e6re 14 \u00e5r for \u00e5 kunne ta rekrutteringsdommer kurset. Rekrutteringsdommere settes opp som dommere i kamper av kretsen (12 \u00e5r og oppover).<\/p><p>\u00c5rlig arrangerer kretsen dommerkurs i kommunen. Dette skjer vanligvis i starten av et nytt \u00e5r. Informasjon om kurs skjer via hjemmesider og sosiale medier.<\/p>\t\t\t\t\t\t\t\t<\/div>\n\t\t\t\t<\/div>\n\t\t\t\t\t<\/div>\n\t\t<\/div>\n\t\t\t\t\t<\/div>\n\t\t<\/section>\n\t\t\t\t<\/div>\n\t\t","protected":false},"excerpt":{"rendered":"<p>6.0 DOMMERUTVIKLING MIL Fotball har tradisjonelt v\u00e6rt en god dommerklubb. Det er likevel et stort behov for dommere, og vi som klubb har et ansvar for \u00e5 rekruttere dem og&hellip;<\/p>\n","protected":false},"author":1,"featured_media":0,"parent":0,"menu_order":0,"comment_status":"closed","ping_status":"closed","template":"","meta":{"footnotes":""},"class_list":["post-361","page","type-page","status-publish","hentry"],"_links":{"self":[{"href":"https:\/\/www.mil-fotball.no\/sportsplan\/wp-json\/wp\/v2\/pages\/361","targetHints":{"allow":["GET"]}}],"collection":[{"href":"https:\/\/www.mil-fotball.no\/sportsplan\/wp-json\/wp\/v2\/pages"}],"about":[{"href":"https:\/\/www.mil-fotball.no\/sportsplan\/wp-json\/wp\/v2\/types\/page"}],"author":[{"embeddable":true,"href":"https:\/\/www.mil-fotball.no\/sportsplan\/wp-json\/wp\/v2\/users\/1"}],"replies":[{"embeddable":true,"href":"https:\/\/www.mil-fotball.no\/sportsplan\/wp-json\/wp\/v2\/comments?post=361"}],"version-history":[{"count":7,"href":"https:\/\/www.mil-fotball.no\/sportsplan\/wp-json\/wp\/v2\/pages\/361\/revisions"}],"predecessor-version":[{"id":373,"href":"https:\/\/www.mil-fotball.no\/sportsplan\/wp-json\/wp\/v2\/pages\/361\/revisions\/373"}],"wp:attachment":[{"href":"https:\/\/www.mil-fotball.no\/sportsplan\/wp-json\/wp\/v2\/media?parent=361"}],"curies":[{"name":"wp","href":"https:\/\/api.w.org\/{rel}","templated":true}]}}